ate the remainder when 99 is divided by (-204)/3*(-1)/2.
31
Let o = -19 + 44. Let p = -82 - -96. What is the remainder when o is divided by p?
11
Suppose o = -2*o + 21. Suppose 2*q - 6 = -3*x + 11, -5*x + 4*q = 1. What is the remainder when o + -2 + 0 - -2 is divided by x?
1
Let p = 2 + 0. Let v = p + -1. What is the remainder when 23 - (-1)/(v/2) is divided by 13?
12
Calculate the remainder when (1 - 20/12)/(4/(-186)) is divided by 12.
7
Suppose x - 79 = -4*o, 3*o - 4*x - 83 = -0*x. What is the remainder when 41 is divided by o?
20
Let y(z) = -4*z - 6. What is the remainder when 28 is divided by y(-4)?
8
Suppose -4*u - 59 + 314 = 3*n, n - 85 = -3*u. What is the remainder when n is divided by 22?
19
Calculate the remainder when (-1)/((-2)/4) - -21 is divided by 4/(-4)*(5 + -15 + 2).
7
Suppose -4*y = 16 - 84. Calculate the remainder when y is divided by 6.
5
Let u(a) = 5*a + 4. Let q be u(5). Let o = 13 - q. Calculate the remainder when (o/5)/((-8)/60) is divided by 13.
11
Let l = -36 - -58. Calculate the remainder when 103 is divided by l.
15
Suppose 87 - 408 = -5*t + 3*r, -5*r = 3*t - 179. What is the remainder when t is divided by 16?
15
Suppose -8*c + 243 = 51. What is the remainder when 93 is divided by c?
21
Suppose l - 32 = -4*b - 3*l, 57 = 4*b - l. Calculate the remainder when b is divided by 7.
6
Let v(t) = 2*t**2 + 1. Let l(y) = y**3 - 5*y**2 + 4*y + 3. What is the remainder when v(1) is divided by l(4)?
0
Suppose 4*m + 5*j = 121, 2*m - 3*j - 56 = -j. What is the remainder when m is divided by 4?
1
Let i(q) = -3*q**3 - q**2 - 11*q - 4. Let t(j) = -2*j**3 - j**2 - 6*j - 2. Let o(r) = -4*i(r) + 7*t(r). Calculate the remainder when o(-3) is divided by 6.
5
Suppose 0 = -g - 1 + 8. Let x(n) = -n - n - n - g. What is the remainder when x(-5) is divided by 5?
3
What is the remainder when 166 is divided by -17*(-3 + ((-4)/4)/(-1))?
30
Let h = 35 + -11. Calculate the remainder when 93 is divided by h.
21
Suppose 2*o = k - 3 + 2, 0 = -4*o. Suppose -t + 30 = 4*m + 48, -2*m = -5*t + 20. Calculate the remainder when t is divided by k.
0
Calculate the remainder when 29 is divided by (6/(-12))/(1/(-30)).
14
Suppose -8 = -2*h - 0*h. Let p = h + 0. Suppose -p*n - n = a - 65, 3*n - a - 47 = 0. What is the remainder when 41 is divided by n?
13
Let w(s) = -s**2 + s - 1. Let b(j) = -j**3 + 8*j**2 - 4*j + 2. Let f(p) = b(p) + 2*w(p). What is the remainder when f(4) is divided by 13?
11
Let d(p) = -p**3 + 8*p**2 + 12*p - 2. What is the remainder when d(9) is divided by 7?
4
Let t = -48 + 74. What is the remainder when t is divided by 20?
6
Let r be 1 - -3*24/9. Calculate the remainder when (2 + 12/r)*15 is divided by 13.
11
Suppose -3*w + 108 = 3*h, 0*w = 2*h - 4*w - 60. Calculate the remainder when h is divided by -1*(-1)/1 + 11.
10
Suppose -2*i - 4*t + 8*t = -28, -4 = -i - 3*t. Calculate the remainder when 36 is divided by i.
6
Let u(s) = -s - 1. Let i be u(-5). Let h = i + 5. Calculate the remainder when 26 is divided by h.
8
Let w(o) = -o + 14. What is the remainder when w(-9) is divided by 13?
10
Let k = -30 + 71. Suppose -5*o = 38 + 12. Let t = k + o. Calculate the remainder when t is divided by 11.
9
Suppose -2*t = 3*j - 1, 4*t = 4*j - 0 - 28. What is the remainder when 75 is divided by (-1 - -2)*(t - -23)?
18
Let y(r) = -r**3 - 5*r**2 - 3*r + 7. What is the remainder when y(-5) is divided by 14?
8
Let x = -4 - -6. Let s = 8 - 4. Suppose 3*b + s*o + 1 = 11, -3*o = 5*b - 13. Calculate the remainder when x is divided by b.
0
Calculate the remainder when 21 is divided by 14 - ((-3)/(-3) - -1).
9
Let s(v) = -v**2 + 3*v + 5. Let y be s(4). Suppose 7*t - 40 = 9. What is the remainder when 19 + 1 + -1 + y is divided by t?
6
Suppose -5*g = -2*g - 30. What is the remainder when 47 is divided by g?
7
Suppose 3*z + 5*l = 171, 5*z - l - 285 = -0*z. What is the remainder when z is divided by 16?
9
Calculate the remainder when (-147)/(-15) + (-5)/(-25) is divided by ((-1)/3)/(4/(-72)).
4
Suppose 2*f = -0*f + 50. Let r(m) = -12*m - 75. Calculate the remainder when f is divided by r(-7).
7
Suppose 10*y = 5*y - 2*x + 205, 3*x - 200 = -5*y. Calculate the remainder when y is divided by 23.
20
Let l(d) = -d**2 - 5*d + 12. Let p(n) = 3*n**2 + 11*n - 24. Let c(j) = 5*l(j) + 2*p(j). What is the remainder when 86 is divided by c(5)?
20
Suppose 3*k = -3*o + 129, -2*o - 3*o + 255 = -5*k. Calculate the remainder when o is divided by 16.
15
Let r(g) = g**3 + 19*g**2 - 22*g - 27. Calculate the remainder when 47 is divided by r(-20).
8
Let h(m) = m**3 - m**2. Calculate the remainder when 11 is divided by h(2).
3
Suppose -34 = -3*p - 4. What is the remainder when (-682)/(-18) - (-18)/162 is divided by p?
8
Suppose -4*l + 12 = -t - 5, 6 = 3*l - 3*t. Calculate the remainder when ((-4)/(-8))/1*26 is divided by l.
3
Let f(d) = -8*d. What is the remainder when 21 is divided by f(-1)?
5
Suppose r + 3*s = s + 27, -3*s + 31 = r. Suppose -a + 2*g + 5 = -8, 4*g = -a + r. Calculate the remainder when 57 is divided by a.
12
Let p = 57 + -30. Calculate the remainder when p is divided by 7.
6
Let l = 24 - 10. Let b = -4 + l. Suppose -2*r + 2*x = -28, 5*r - 2*x = -4*x + 98. What is the remainder when r is divided by b?
8
Let s = -8 - -11. Suppose 2*a = -o + 25, s*a - o = 2*o + 33. Calculate the remainder when 47 is divided by a.
11
Let p(n) = -n**3 + 16*n**2 - 10*n + 6. Calculate the remainder when p(15) is divided by 14.
11
Suppose -n + 20 = 5*q + n, -q + 17 = 3*n. What is the remainder when q is divided by 3/2*2/3?
0
Suppose -4 = -3*x + 5. Let w = 6 - -17. What is the remainder when w is divided by -30*(17/(-5) + x)?
11
Let p be 350/6 + (-4)/(-6). Suppose -4*c = 3 - p. Calculate the remainder when (47 - 3) + 4/8*-8 is divided by c.
12
Let t = 12 + -6. Suppose 4*i - 69 - 23 = 0. Calculate the remainder when i is divided by t.
5
Let i = 3 - 2. Let q be 6/9*(5 - 2). Suppose -3*z + q = -z. Calculate the remainder when i is divided by z.
0
Let b = 464 - 314. What is the remainder when b is divided by 38?
36
Suppose -l - 32 + 96 = 0. Suppose 0 = s + 3*s - l. Calculate the remainder when 61 is divided by s.
13
Suppose 5*d + 4*o = 115, -4*d - 2*o + 5 + 81 = 0. Calculate the remainder when 70 is divided by d.
13
Suppose 0*d - 109 = -3*s + d, 3*d = 5*s - 179. What is the remainder when s is divided by 19?
18
Let q = 29 + -1. Let b = 41 + -31. What is the remainder when q is divided by b?
8
Suppose -4*o + 2*o = -2*b + 84, -4*o = 8. What is the remainder when 74 is divided by b?
34
What is the remainder when -3*2/(-18)*231 is divided by 13?
12
Let c = 5 - 2. Let w be -2 + 21/(c + 0). Suppose y - 39 = -y + l, -3*l = -w*y + 96. Calculate the remainder when y is divided by 11.
10
Let p(c) = c**3 - 12*c**2 - 8*c - 1. Let a be p(13). Calculate the remainder when 62 is divided by (-3)/(-2*3/a).
30
Let x be ((-8)/5)/((-8)/20). Let w = x - -5. Calculate the remainder when 17 is divided by w.
8
Let y = 63 + -30. Let x be (-88)/y*(-3)/2. Let j = -2 + x. Calculate the remainder when j is divided by 2.
0
Let p(v) = v**2 - 7*v - 5. Let g be (12/15)/((-3)/(-30)). Let j be p(g). Suppose o - 1 = j. Calculate the remainder when 11 is divided by o.
3
Suppose 0 = 6*g - 4*g + 10. Let n = g + 7. Suppose 40 = 5*c - 5*k + k, 0 = 3*c - n*k - 24. Calculate the remainder when 14 is divided by c.
6
Suppose 4*n - 19 = -2*j + 105, -3*n + 115 = -4*j. What is the remainder when n is divided by 17?
16
Suppose -1 = 2*i - 5. Suppose -6 + 2 = -i*n. Suppose 3 = -3*j + 9. Calculate the remainder when j is divided by n.
0
Let u be (-8)/(-10)*(-10)/(-4). Suppose 2*x - 4 - u = 0, 3*f - 2*x = 87. Suppose 2*g - f = -5*w - 8, 0 = -w - 1. Calculate the remainder when g is divided by 5.
4
Let c(i) = 7*i - 10. Let p(o) = -13*o + 21. Let z(h) = 11*c(h) + 6*p(h). What is the remainder when 46 is divided by z(0)?
14
Suppose -10*o + 5*o + 41 = -4*y, o + 4*y = -11. What is the remainder when o is divided by 2?
1
Let h = -178 + 186. Suppose q + c - 6 = 0, -1 = 5*q - 2*c - 3. Let z = h - q. Calculate the remainder when 16 is divided by z.
4
Let p = -36 - -73. Suppose 2*d - 5 = d. Suppose -21 = d*i - 121. What is the remainder when p is divided by i?
17
Let h(u) = -32*u**3. Let a = -1 - -1. Suppose 0 = -2*p - a - 2. Calculate the remainder when h(p) is 